lculate the remainder when y is divided by 8.
7
Let c = 191 - 127. Suppose 0 = -4*w - 1 - 3. What is the remainder when c is divided by (-110)/5*(w + 0)?
20
Let d(p) be the second derivative of -p**5/20 + p**4/3 - 2*p**3/3 - p**2/2 + 2*p. Let k be d(4). Let v = -8 - k. What is the remainder when 26 is divided by v?
8
Let q = 3 + 5. Let x be (-11)/(-2) + (-4)/q. Suppose p + 4*d = 15, -x*p = 4*d - 29 + 2. What is the remainder when p is divided by 2?
1
Let t be -3*3 + 9/3. Let h = t - 1. Let q(n) = -n**3 - 8*n**2 - 9*n - 6. What is the remainder when 15 is divided by q(h)?
7
Let u(c) = c**2 - 2*c + 15. What is the remainder when 43 is divided by u(0)?
13
Let v = 37 - 19. Let g = v + -12. What is the remainder when 9 is divided by g?
3
Let v be ((-2)/(-2))/(1/51). Suppose -v - 17 = -4*o. Let h = 748 - 742. Calculate the remainder when o is divided by h.
5
Let o(c) = c**2 + 5*c - 7. Calculate the remainder when ((-2)/4)/(15/(-750)) is divided by o(-7).
4
Let p(v) = v**3 - v**2 - 4*v + 3. What is the remainder when p(5) is divided by 30?
23
Let x(w) = w**2 + 8*w + 1. Let g be x(-8). Suppose -49 = -4*s - g. Calculate the remainder when s is divided by 7.
5
Suppose t - 2 = 3. What is the remainder when 9 is divided by t?
4
Let x be 1*(-2 + 3 + -27). Let c(i) = -11*i - 7. Calculate the remainder when c(-5) is divided by 2 + -2 + -1 - x.
23
Let s(j) = 2*j**3 - 3*j**2 - j - 4. Let o be s(3). Suppose 5*w - o = -0*w. What is the remainder when 7 is divided by w?
3
Let k(y) = 23*y**2 - 19*y. Let f(u) = 8*u**2 - 6*u. Let r(p) = -11*f(p) + 4*k(p). Calculate the remainder when r(4) is divided by 9.
6
Suppose 0 = 2*x - 30 - 12. Suppose 3*a - 6 = 6. Suppose 5*t - 38 = -n + 22, a*n = 3*t - 13. What is the remainder when x is divided by t?
10
Suppose -5*t + 4*h = -191, 2*t = 3*h + 38 + 44. What is the remainder when t is divided by 9?
8
Let r = -150 + 171. What is the remainder when 39 is divided by r?
18
Let a = -88 + 158. Suppose 5*b - a = -0*b. Suppose -2*j + 18 = q, 5*q - 135 + 25 = -5*j. Calculate the remainder when q is divided by b.
12
Suppose -2 = w - u, -w = -4*u + 6 + 8. Let o(p) be the first derivative of 13*p**2 - 3*p - 1. Calculate the remainder when o(w) is divided by 17.
15
Let f(l) be the second derivative of -l**5/20 + l**4/2 + 2*l**3/3 - 7*l**2/2 - 28*l. Let u = 1 - -5. Calculate the remainder when 32 is divided by f(u).
15
Let g = 24 - 12. Calculate the remainder when (35/2)/(2/4) is divided by g.
11
Suppose 2*q - s = 6*q + 219, -3*q + s - 173 = 0. Calculate the remainder when (-6)/(-4)*q/(-6) is divided by 5.
4
Let q(c) be the second derivative of 3*c**4 + c**3/6 + c**2/2 - 14*c. Let r be 2/(-1 + 1 + -2). Calculate the remainder when q(r) is divided by 13.
10
Let s(u) = -u + 8. Let z be s(6). Let n(i) = 2*i**2 - 4*i + 2. Let g be n(z). Suppose m + 17 = g*m. Calculate the remainder when m is divided by 6.
5
Let j(f) = -5*f**2 + 4*f + 2. Let r(p) = p**2 + 1. Let c(b) = -j(b) + 4*r(b). Calculate the remainder when c(2) is divided by 16.
14
Let p = 25 - -12. What is the remainder when p is divided by 15?
7
Let h(o) = -6*o**3 + o - 1. Let c be h(1). What is the remainder when c/(-8) + (-26)/(-8) is divided by 3?
1
Let j(w) be the third derivative of -w**6/120 - w**5/10 - w**4/24 - 2*w**3/3 + 3*w**2. Calculate the remainder when 4 is divided by j(-6).
0
Let q(o) = -o**3 - 6*o**2 - 3*o + 2. Let a = 14 + -43. Let g = -18 - a. What is the remainder when q(-6) is divided by g?
9
Suppose u - 415 = -5*z, 3*z - 7 - 242 = -5*u. Calculate the remainder when z is divided by 43.
40
Let w = -20 - -26. Let k be (-1 - 0)/1*-10. Let n = k + w. What is the remainder when 47 is divided by n?
15
Let z(o) = -10*o - 11. What is the remainder when 83 is divided by z(-4)?
25
Suppose 3*c - 33 = -0*c. Calculate the remainder when c is divided by (-28)/(-4 - 0) - 0/(-2).
4
Let h = -53 - -37. Let q(v) = -2*v - 10. Let i be q(-7). Calculate the remainder when 43 is divided by ((-15)/i)/(4/h).
13
Suppose 0*z = 3*g - 2*z - 22, -5*g + 66 = 4*z. Let d = 22 + g. What is the remainder when d is divided by 17?
15
Let x(h) = 3*h**2 + 7*h + 8. What is the remainder when 54 is divided by x(-4)?
26
Calculate the remainder when 43 is divided by 10/(-4)*24/(-5).
7
Suppose -28 = -4*b + 3*c + c, 4*b + 4*c = 20. Suppose 7*g - b*g = 3. What is the remainder when 3 is divided by g?
0
Suppose 6*j + 5*y = 4*j - 50, 0 = -j - y - 28. Calculate the remainder when j*5/((-10)/3) is divided by 24.
21
Let m(d) = -5*d**2 + 5*d + 11. Let b(w) = -3*w**2 + 3*w + 5. Let h(u) = -7*b(u) + 4*m(u). What is the remainder when 33 is divided by h(0)?
6
Suppose -3*a - 5*s = -12, -8 = -a + s - 4*s. Calculate the remainder when 7 is divided by 7 + (a - 0 - 2).
3
Suppose 5*q = 10*q - 320. Calculate the remainder when q is divided by 13.
12
Let t(q) = -2*q**2 + 1. Let g = -1 + 2. Let w be t(g). Calculate the remainder when 13 is divided by (w - (-5 + 2)) + 3.
3
Suppose -158 = -2*p + 220. What is the remainder when p is divided by 16?
13
Suppose 2*f - 5 = -h + 10, -3*f + 12 = 0. Let g = 0 + 12. What is the remainder when g is divided by h?
5
Suppose -k + 2 - 1 = 0. Let w = k + -1. Suppose -3*v + 3 = -w*v. Calculate the remainder when 2 is divided by v.
0
Let q = 10 + 5. Calculate the remainder when q is divided by 4.
3
Let u(l) = -8*l + 2. Let d be u(-5). Suppose -d + 2 = -s. What is the remainder when s is divided by (3/2)/(3/28)?
12
Suppose -148 = -0*z + 4*z. Let s = -22 - z. What is the remainder when 44 is divided by s?
14
Suppose -8 = 3*a - 29. What is the remainder when ((-11)/2)/(1/(-2)) is divided by a?
4
Suppose n - 7 = 3. Let p = 5 - 3. Suppose -3*j = -5*r + 107, j = 2*r - p*j - 50. What is the remainder when r is divided by n?
9
Let f = 24 - 25. Let c(h) = 108*h**2 + 1. What is the remainder when c(f) is divided by 28?
25
Suppose 3*r = 6*r - 57. Calculate the remainder when r is divided by 5.
4
Let w = 31 + -19. What is the remainder when 33 is divided by w?
9
Suppose 4*d - 5420 = -d. Suppose 0 = 5*w - 336 - d. Suppose 2*l + 2*l = w. What is the remainder when l is divided by 24?
23
Suppose 3*u - 124 = 2*v, 5*u + 0*v + v = 198. What is the remainder when u is divided by 21?
19
Suppose 4*b - 4*h = 84, -2*b - 5*h = 8 - 15. What is the remainder when b is divided by 6?
4
Let j(t) = 24*t**2 - 5*t - 1. Suppose -567 = -4*i - 131. What is the remainder when i is divided by j(-1)?
25
Let l(y) = -y**3 - 4*y**2 + 8*y + 9. What is the remainder when l(-6) is divided by 9?
6
Suppose 5*w - 6*w = -4, -q + 26 = w. Calculate the remainder when q is divided by (16/(-20))/(1/(-15)).
10
Suppose -3*f + 3 = 6. Let i(r) = -45*r. What is the remainder when i(f) is divided by 12?
9
Suppose -2*x = -3*x + 5. Suppose 20 = -0*i + x*i. Calculate the remainder when 7 is divided by i.
3
Suppose 2*o - 10 = o. Let t = o - 3. Calculate the remainder when 26 is divided by t.
5
Calculate the remainder when 33 is divided by -2*4/(-16)*36.
15
Suppose 7*b = 5*b + 10. Suppose 0 = -3*s + 5*i - 14, -4*i = -b*s - 8 + 2. Calculate the remainder when 2 is divided by s.
0
Let g(j) = j**3 + 7*j**2 - 5*j - 9. Let v(o) = o**2 + 2*o - 3. Let p be v(4). Suppose -m + 4*m = -p. Calculate the remainder when g(m) is divided by 9.
8
Suppose -5 = -c + 4. Let b(j) = j**3 + 5*j**2 + 4*j + 5. What is the remainder when c is divided by b(-4)?
4
Let t = -18 - -21. Suppose -3*r + t*f + 55 = -2*f, 0 = 3*r - 3*f - 45. What is the remainder when 17 is divided by r?
7
Suppose -2*b = 5*x - 0*b, -5*x + 4*b = 0. Suppose j + 0*j - 1 = x. What is the remainder when (j - (-3)/(-6))*16 is divided by 5?
3
Let a(t) = -t**3 - 6*t**2 - 2*t + 3. Let h be a(-6). What is the remainder when ((-20)/h)/((-1)/21) is divided by 10?
8
Suppose r = f + 13 + 3, 4*f = r - 1. Let o(u) = u**2 - 19. What is the remainder when o(-10) is divided by r?
18
Let u = -938 + 948. Suppose 0 = 3*r - 161 + 47. Calculate the remainder when r is divided by u.
8
Suppose -3*j - 27 = -4*q + 2*j, 0 = -5*q - 3*j + 43. Let i = 1 + 21. What is the remainder when i is divided by q?
6
Suppose -o - 87 = -4*o. Calculate the remainder when o is divided by 10.
9
Let n(q) = 4 + 4 - 1 - 3*q. Let w be n(5). Let t = w - -14. What is the remainder when 17 is divided by t?
5
Let m = 0 + 3. Suppose 0 = -m*b + b + 2. Suppose 4*y 